{"id":40,"date":"2025-07-22T10:32:43","date_gmt":"2025-07-22T08:32:43","guid":{"rendered":"https:\/\/dolismart.com\/?page_id=40"},"modified":"2025-07-22T10:32:44","modified_gmt":"2025-07-22T08:32:44","slug":"mentions-legales","status":"publish","type":"page","link":"https:\/\/dolismart.com\/index.php\/mentions-legales\/","title":{"rendered":"Mentions l\u00e9gales"},"content":{"rendered":"\r\n<div class=\"wp-block-group legal-section\"><div class=\"wp-block-group__inner-container is-layout-flow wp-block-group-is-layout-flow\">\r\n    \r\n    <h1 class=\"wp-block-heading legal-title\">Mentions l\u00e9gales<\/h1>\r\n    \r\n    \r\n    \r\n    <h2 class=\"wp-block-heading\">\u00c9diteur du site<\/h2>\r\n    \r\n    \r\n    \r\n    <p><strong>Raison sociale :<\/strong> DoliSmart<\/p>\r\n    \r\n    \r\n    \r\n    <p><strong>Adresse :<\/strong> 123 Rue de l&rsquo;Innovation, 75001 Paris<\/p>\r\n    \r\n    \r\n    \r\n    <p><strong>T\u00e9l\u00e9phone :<\/strong> +33 1 23 45 67 89<\/p>\r\n    \r\n    \r\n    \r\n    <p><strong>Email :<\/strong> contact@dolismart.com<\/p>\r\n    \r\n    \r\n    \r\n    <p><strong>SIRET :<\/strong> 123 456 789 00012<\/p>\r\n    \r\n    \r\n    \r\n    <p><strong>Directeur de publication :<\/strong> Jean Dupont<\/p>\r\n    \r\n    \r\n    \r\n    <h2 class=\"wp-block-heading\">H\u00e9bergement<\/h2>\r\n    \r\n    \r\n    \r\n    <p>Ce site est h\u00e9berg\u00e9 par [Nom de l&rsquo;h\u00e9bergeur]<br>\r\n    Adresse : [Adresse de l&rsquo;h\u00e9bergeur]<br>\r\n    T\u00e9l\u00e9phone : [T\u00e9l\u00e9phone de l&rsquo;h\u00e9bergeur]<\/p>\r\n    \r\n    \r\n    \r\n    <h2 class=\"wp-block-heading\">Propri\u00e9t\u00e9 intellectuelle<\/h2>\r\n    \r\n    \r\n    \r\n    <p>L&rsquo;ensemble de ce site rel\u00e8ve de la l\u00e9gislation fran\u00e7aise et internationale sur le droit d&rsquo;auteur et la propri\u00e9t\u00e9 intellectuelle. Tous les droits de reproduction sont r\u00e9serv\u00e9s, y compris pour les documents t\u00e9l\u00e9chargeables et les repr\u00e9sentations iconographiques et photographiques.<\/p>\r\n    \r\n    \r\n    \r\n    <h2 class=\"wp-block-heading\">Liens hypertextes<\/h2>\r\n    \r\n    \r\n    \r\n    <p>Les liens hypertextes mis en place dans le cadre du pr\u00e9sent site web en direction d&rsquo;autres ressources pr\u00e9sentes sur le r\u00e9seau Internet ne sauraient engager la responsabilit\u00e9 de DoliSmart.<\/p>\r\n    \r\n<\/div><\/div>\r\n","protected":false},"excerpt":{"rendered":"<p>Mentions l\u00e9gales \u00c9diteur du site Raison sociale : DoliSmart Adresse : 123 Rue de l&rsquo;Innovation, 75001 Paris T\u00e9l\u00e9phone : +33&#8230;<\/p>\n","protected":false},"author":1,"featured_media":0,"parent":0,"menu_order":0,"comment_status":"closed","ping_status":"closed","template":"page-mentions-legales.php","meta":{"_acf_changed":false,"footnotes":""},"class_list":["post-40","page","type-page","status-publish","hentry"],"acf":[],"_links":{"self":[{"href":"https:\/\/dolismart.com\/index.php\/wp-json\/wp\/v2\/pages\/40","targetHints":{"allow":["GET"]}}],"collection":[{"href":"https:\/\/dolismart.com\/index.php\/wp-json\/wp\/v2\/pages"}],"about":[{"href":"https:\/\/dolismart.com\/index.php\/wp-json\/wp\/v2\/types\/page"}],"author":[{"embeddable":true,"href":"https:\/\/dolismart.com\/index.php\/wp-json\/wp\/v2\/users\/1"}],"replies":[{"embeddable":true,"href":"https:\/\/dolismart.com\/index.php\/wp-json\/wp\/v2\/comments?post=40"}],"version-history":[{"count":1,"href":"https:\/\/dolismart.com\/index.php\/wp-json\/wp\/v2\/pages\/40\/revisions"}],"predecessor-version":[{"id":41,"href":"https:\/\/dolismart.com\/index.php\/wp-json\/wp\/v2\/pages\/40\/revisions\/41"}],"wp:attachment":[{"href":"https:\/\/dolismart.com\/index.php\/wp-json\/wp\/v2\/media?parent=40"}],"curies":[{"name":"wp","href":"https:\/\/api.w.org\/{rel}","templated":true}]}}